32). Let l be 235714/456 + 69/y + 2. Calculate the highest common factor of 94 and l.
47
Let y = 252 - 223. Suppose y*i + 10 = 31*i. What is the highest common factor of i and 65?
5
Suppose 2*o = -10, -1316 = -2*y + o - 383. What is the highest common factor of 4 and y?
4
Let h = -1189 - -1211. Calculate the highest common factor of h and 3839.
11
Let j(a) = 10*a**2 - 2*a - 14. Let v be j(-5). Let s = 314 - v. What is the highest common divisor of 4 and s?
4
Let m be 4/12 - (-7)/(-3). Let t be (1 - 1) + m/((-2)/(-13)). Let y be (-1)/(1/t + -7 + 7). Calculate the greatest common factor of 104 and y.
13
Let t(l) = 13*l - 486. Let m be t(40). Let z(a) = -a**3 - 33*a**2 + 27*a. Let o be z(-34). What is the highest common factor of m and o?
34
Let t = 41 + -17. Suppose -g + l + 30 = 0, 7*g - 35*l = -32*l + 210. What is the highest common divisor of t and g?
6
Let c = 69 + -65. Suppose -3*k = -6*k - c*b + 18, -4*b = -2*k + 12. Let r(u) = 9*u - 30. Let t be r(6). What is the greatest common factor of k and t?
6
Let a = 14140 - 12265. What is the greatest common factor of 2 and a?
1
Suppose 0 = 67*o - 20197 - 215978. Calculate the greatest common divisor of 75 and o.
75
Let v(y) = 28*y - 11. Let d be v(-12). Let k(z) = -10*z**2 - 12*z - 1. Let u be k(-8). Let x = d - u. What is the highest common divisor of x and 18?
18
Let y be (2102 - 89)/(-61)*((-68)/6)/2. What is the greatest common factor of 3077 and y?
17
Let p(q) = -609*q - 273. Let k be p(-2). What is the greatest common factor of k and 459?
27
Let s = 9183 + -9169. What is the highest common factor of 32 and s?
2
Let c = -2332 - -2358. What is the highest common factor of 702 and c?
26
Suppose 6*i - 10 = 2. Let d be ((-4)/i + -8)/(-2). Suppose 0*v = v - 2*c - 17, 4*c + 84 = 4*v. Calculate the greatest common divisor of v and d.
5
Suppose 0*h - 7*h = -476. Suppose -4*t + 8*p - 13*p + 655 = 0, -4*p + 830 = 5*t. Calculate the greatest common divisor of h and t.
34
Let s(l) = -14*l**3 - 5*l**2 - l + 8. Let k be s(-4). Let c = k + -477. What is the greatest common divisor of 39 and c?
39
Let f(x) = -3*x**3 - 21*x**2 + 4*x - 1. Let q be f(-7). Let k = 389 + q. What is the greatest common factor of k and 80?
40
Let g be 21 + ((-12)/((-18)/6) - -2). Calculate the highest common factor of 513 and g.
27
Let l be ((-308)/33)/((-6)/9). Let k be l - (3 - (4 - -5)). What is the highest common factor of 4 and k?
4
Let b(t) = 98*t**2 + 53*t + 216. Let k be b(7). Calculate the highest common factor of k and 17.
17
Let b be 1/(568/144 + -4). Let g be (-9)/(b/1352) - 1. What is the greatest common divisor of g and 27?
27
Let i = -28 - -31. Let l be -443*i - 0/(-7 + 3). Let d be 9/(-6) + l/(-6). What is the greatest common factor of 20 and d?
20
Let y be 3 - (-104)/20 - (-1)/10*-2. Let h be (1 - -63)/1*2. Calculate the greatest common divisor of h and y.
8
Let r = -18283 + 18582. Calculate the greatest common divisor of 23 and r.
23
Let i(v) = v**3 + 40*v**2 + 144*v + 55. Let j be i(-36). What is the highest common factor of j and 2926?
11
Let w(p) = -189*p + 618. Let t be w(2). What is the highest common factor of t and 1840?
80
Let s(o) = -5*o**3 - 7*o**2 - 14*o + 4. Let d be s(-4). Suppose 10*c = 72 + d. Calculate the greatest common divisor of c and 51.
17
Let s(q) = 39*q**2 - q. Let x be s(1). Suppose -5*t + 638 = -k, -109 = 2*k - 2*t + 1183. Let j = k - -1066. Calculate the highest common divisor of j and x.
38
Let c be (6/24)/(3/48). Suppose c*v - 2265 = 1095. Calculate the greatest common divisor of v and 105.
105
Let l be (-11)/4*-70 + (-183)/(-122). Suppose 5*j - z = l, -5*j + 196 = 6*z - 5*z. Calculate the highest common factor of 65 and j.
13
Let r = -363573 - -363762. Suppose 72 = -f + 4*f. Suppose -2*n = -5*z + 47, 4*z + 5*n - f = 7. What is the greatest common divisor of r and z?
9
Suppose -b - 5 = 0, -2*x - 6 = 6*b - 2*b. Let p = -189 + 194. Suppose -2*a - 10 = -n + 10, p*n + a = 67. Calculate the greatest common divisor of x and n.
7
Let j(i) = -2*i - 18. Suppose 2*q = q - 17. Let t be j(q). Let p = 898 + -810. Calculate the greatest common divisor of t and p.
8
Let h(p) be the second derivative of -p**5/20 - p**4/12 + 14*p**2 + 16*p. Let z = -85 + 85. Let r be h(z). What is the highest common factor of r and 42?
14
Suppose -6*y + 2*y + 3*n - 489 = 0, -465 = 4*y + 5*n. Let p = y + 118. Let q be (-1)/1*p - -109. Calculate the highest common factor of q and 74.
37
Let i(m) = m**2 - 3 - 16*m + 24*m - 15*m - 2*m**2. Let q be i(-3). Let l be 2*(0 - -6 - 0). What is the highest common divisor of l and q?
3
Let l = -419 - -422. Suppose -i - 24*m + 22*m = -17, l*i + 2*m - 47 = 0. Calculate the highest common divisor of 135 and i.
15
Suppose -1143 = -2*l - 3*i, -4*l + 2316 = 10*i - 14*i. Calculate the greatest common factor of 128 and l.
64
Suppose 28*u + 14*u - 294 = 0. Let i be (-26)/(-4)*(22 + -20). Let l = 8 + i. What is the greatest common factor of u and l?
7
Suppose 5*m = 4*o + 2640, -150*o + 153*o + 15 = 0. Calculate the highest common factor of 131 and m.
131
Suppose 57990 = 81*z + 104*z - 170*z. What is the highest common divisor of z and 4?
2
Let y be -3*80/15 + 1. Let b be ((-140)/60)/(1/y). What is the highest common factor of b and 15?
5
Let n be -5 - -1 - -2*(3 + 2). Suppose -36 - 36 = -3*w. Suppose 27*k - 54 = w*k. What is the highest common factor of k and n?
6
Suppose -x - 2*o + 162 = -o, 3*x - 4*o - 507 = 0. Suppose 0 = 164*i - x*i + 9. Let j be -12*5/(60/(-63)). Calculate the greatest common factor of i and j.
9
Let l be 674 + 5 + 10 - 0. What is the highest common divisor of l and 91?
13
Suppose 6029 + 4327 - 1108 = 68*s. What is the greatest common factor of s and 238?
34
Let z = -8699 - -14852. What is the highest common divisor of 21 and z?
21
Let z be 1*(-48)/18*633/(-2). Suppose i + 5*k = 2*k + 423, 2*i - z = -4*k. Calculate the highest common divisor of 60 and i.
60
Let w(h) = h**2 + 92*h + 2118. Let c be w(-50). What is the highest common divisor of c and 549?
9
Let a be (-8)/14 - (2 + (-10350)/105). Suppose 5*u - 36 + 21 = 0. Calculate the greatest common divisor of u and a.
3
Suppose -36 = 4*w, 3*j - 757 - 479 = -2*w. Calculate the greatest common factor of 21527 and j.
209
Suppose 7*d - 9*d = 23*d - 1100. Suppose 4*w + 0*w = 16. What is the highest common factor of d and w?
4
Suppose 0 = -120*h + 35*h + 17255. What is the highest common factor of 522 and h?
29
Let a = 76 + -74. Let g(f) = 7*f**2 + 14*f**a + 16*f**2 - 36*f**2 - 26 + f. Let r be g(-9). Calculate the greatest common divisor of 138 and r.
46
Let j be (-1 + 2)*-36 + 2. Let t = -31 - j. Suppose q - 8 = -4*o + 22, q = -t*o + 25. What is the highest common divisor of q and 5?
5
Let a = -141 + 76. Let y be -94*2/(-20) - (-26)/a. Suppose 10*g = y*g + 36. Calculate the greatest common divisor of g and 9.
9
Suppose 49*k - 8*k - 22*k = 146718. What is the greatest common factor of 54 and k?
54
Let p(s) = 7*s**2 - 104*s + 98. Let f be p(14). What is the greatest common divisor of 8498 and f?
14
Let n = -181 + 93. Let c be 3*(-1)/(-2)*n/(-6). Calculate the greatest common factor of c and 176.
22
Suppose z + 20 = 5*p - 0*z, 3*p - 19 = 2*z. Let k(y) = -4*y**3 + 343*y**2 + 80*y + 519. Let a be k(86). What is the highest common divisor of a and p?
3
Let p be 5 - (2 - -1 - -2)*-7. Calculate the highest common factor of p and 248.
8
Let x be 22*(1/4 - 14/(-8)). Suppose 5*a + x = 9*a. Suppose -4*o - a*f = -16*f - 107, 4*f = o - 24. Calculate the greatest common divisor of 4 and o.
4
Let t(k) = -22349*k**3 + 8*k**2 + 6*k - 3. Let g be t(-1). Calculate the greatest common factor of g and 37.
37
Let z be 70/6 + (-2)/(-6). Let n(k) = 9 - k**3 - 1 + 2 - z*k - 1 + 8*k**2. Let g be n(6). What is the greatest common divisor of g and 45?
9
Let j = 6922 + -6429. Calculate the highest common divisor of j and 221.
17
Suppose 2*a = 81*w - 80*w + 104, 3*a - w - 158 = 0. Suppose 0 = 4*o - 2*o - 162. Calculate the highest common factor of o and a.
27
Suppose -20*d - 11*d - 16 = -2341. Calculate the highest common divisor of d and 435.
15
Let m(z) = 13*z**3 - 5*z + 6. Let f be m(3). Let h = 216 - 97. Suppose -7*r = d - 6*r - 33, r + h = 3*d. What is the highest common factor of f and d?
38
Let p(d) be the second derivative of -d**4/4 - d**3